
Suppose 220*f - 421*f = -210*f + 54. Calculate the highest common divisor of 1167 and f.
3
Suppose l + 9 = y + 3, 0 = 5*l. Let c = 157 - 154. Let u be (-1 + -1)*(-9 + c). What is the highest common divisor of y and u?
6
Let d(w) = 55*w - 571. Let h be d(13). Calculate the highest common factor of h and 376.
8
Let x = 594 - -1083. Calculate the highest common divisor of x and 312.
39
Let n be (16/72*-21)/(10/(-435)). Suppose 2*u + 0*u = 58. Calculate the greatest common factor of u and n.
29
Let l = -807 - -831. Let v = 2 - 0. Let m = l - v. What is the greatest common factor of 66 and m?
22
Suppose 9*k - 1 = -82. Let d be (-108)/k*2/3*4. Suppose 4*y - 4*v + v = 10, 4*v - 20 = -3*y. Calculate the greatest common divisor of d and y.
4
Let v(s) = -27*s - 81. Let h be v(-12). Suppose -h*m = -235*m - 56. What is the greatest common factor of m and 9?
1
Suppose -87 - 78 = -3*o. Let j be o/25 + 5/(-25). What is the highest common divisor of j and 3?
1
Let o = 243 + -542. Let v = o + 338. What is the highest common divisor of v and 156?
39
Let v = 15 - 4. Let j = 306 + -369. Let l = j + 129. What is the greatest common divisor of l and v?
11
Let w(a) = 5434*a**2 - 211*a + 211. Let q be w(1). Calculate the greatest common factor of 572 and q.
286
Suppose -16*n - 170 = -50*n. Suppose 5*j = -n*o + 3*j + 60, -62 = -3*o + 4*j. What is the greatest common factor of 434 and o?
14
Suppose n = 5*t - 90, -2*t - 429*n = -426*n - 53. What is the highest common factor of 15599 and t?
19
Let r(b) = -141*b - 1156. Let z be r(-12). Calculate the greatest common divisor of 1675 and z.
67
Let g = -15 - -13. Let s be (-2 - (-4 - g))/3. Suppose s*t - 6 = 3*t, t + 35 = c. Calculate the highest common factor of c and 22.
11
Let q = 37 - -32. Suppose -3*o + 45 = -3*c, q + 11 = 5*o - 4*c. Let p be 110/(-4)*(5 - (5 - -4)). Calculate the highest common factor of p and o.
10
Suppose 12 = 2*k, -11*k + 16248 = 5*l - 8*k. Calculate the greatest common factor of l and 6.
6
Let s(z) = 190*z**2 - 44*z + 184. Let v be s(6). Calculate the highest common factor of 160 and v.
40
Let u(r) = -241*r**3 + r**2 - r - 1. Suppose 0*x - 3*x - 3 = 0. Let q be x/(-9)*-3*3. Let v be u(q). What is the highest common factor of v and 22?
22
Let n = 1877 + -1312. What is the highest common factor of 1017 and n?
113
Let y be -6 + 6 + 2 + 1 + 1. Suppose -y*w = 8, 35*w - 33*w = j - 14. Calculate the highest common divisor of j and 145.
5
Suppose -6*m = 2 - 14. Let p be (0 + 17)*m/2. Suppose k + 0*k - p = 0. What is the highest common factor of 34 and k?
17
Let x(z) = 20*z**2 - 81*z + 708. Let r be x(8). What is the greatest common factor of 80 and r?
20
Let r(t) = 11*t**3 + t**2 - 18*t - 144. Let s be r(15). What is the highest common divisor of s and 228?
228
Let q be (-2)/(-2) + 11 - 1. Let b = 70 + -66. Suppose 5*x - b - 51 = 0. Calculate the highest common divisor of q and x.
11
Let i = -12 + 15. Suppose -i*l - 4*c + 48 = -6, 0 = 2*l - 3*c - 36. Let o be 3766/84 + 1/6. Calculate the highest common divisor of l and o.
9
Let d = -14865 - -14870. Suppose 1073 = 3*o + 4*b, -4*o + 6*o = -5*b + 720. Calculate the highest common factor of o and d.
5
Suppose -5*r - 2*g = -3107, -2*r + 3*r - 643 = 5*g. Let p = 114551 - 114373. What is the highest common factor of r and p?
89
Suppose 1396*y - 1394*y - 213 = 5*d, 288 = 3*y - 4*d. Let b = 106 - 58. Calculate the highest common factor of b and y.
12
Let l be (-25)/35 + 1 - (-215)/7. Suppose -l*b + 3200 = -15*b. Calculate the greatest common factor of b and 16.
8
Suppose -1021*g - 880 = -1025*g. Calculate the highest common factor of g and 21120.
220
Let c(k) = -14*k. Let w(j) = j**2 - 10*j - 3. Let l be w(11). Let d be c(l). Let p be 3/(-7) - 1616/d. Calculate the greatest common factor of p and 2.
2
Let i(j) = 2*j**2 + 76*j - 1853. Let q be i(-55). Calculate the highest common factor of 12937 and q.
17
Let h = -15573 + 16593. What is the greatest common divisor of h and 867?
51
Let s = 2 - -79. Suppose 7182 = 56*b + 1134. What is the highest common factor of b and s?
27
Let c be 1180/1 - (153 - 156). Calculate the highest common divisor of 1521 and c.
169
Let f(i) = -i**3 - 3*i**2 - 5*i - 4. Let z be f(-4). Suppose -5 = -5*v, -3*w - 5*v + 9 = -z. Calculate the greatest common factor of w and 12.
12
Suppose 5*t = v + 2*t + 61, v + 4*t + 89 = 0. Let c = -162 - -112. Let z = c - v. What is the greatest common divisor of z and 92?
23
Suppose 2*x - 218*b = -214*b + 35794, 2*x = -2*b + 35788. What is the greatest common factor of 30 and x?
15
Let k(s) = 16*s**2 - 278*s + 7. Let p be k(18). Calculate the highest common divisor of p and 33.
11
Let g(o) = -o**2 + 7*o + 184. Let n be g(-10). Let x(q) = 13*q**2 + 3*q + 4. Let p be x(-3). What is the highest common factor of n and p?
14
Suppose 26 = g + z, g - 3*z = -6*z + 28. Let i(m) = -m**3 + 38*m**2 - 40*m + 131. Let k be i(37). What is the greatest common factor of g and k?
5
Let s = 4391 + -4273. Calculate the highest common factor of 2 and s.
2
Suppose -2*q - q = -120. Suppose 2*a - q = 5*x, -6*x + x = 3*a - 10. Let v be (a - 8)/(2/20). Calculate the highest common factor of v and 50.
10
Let y = -57 + 80. Let r = -10 - -207. Let t = r - 128. Calculate the highest common divisor of t and y.
23
Let w be (1*2)/(4/154). Let r = 621 + -592. Suppose 0 = -r*k + 28*k + 11. What is the greatest common factor of w and k?
11
Let u be ((-406)/87)/(14/(-12)). Suppose -24*d + 204 = -18*d. What is the greatest common divisor of u and d?
2
Suppose -5*y + 633 = 233. Let h(m) = 4*m**2 + m + 2. Let n(c) = -19*c - 173. Let x be n(-9). Let v be h(x). Calculate the greatest common divisor of y and v.
16
Let p(j) = j**3 + j + 40. Let d be p(0). Let i(s) = -s**2 - 29*s + 328. Let u be i(-37). Calculate the greatest common divisor of d and u.
8
Suppose -42 = j - 2*j. Suppose -4678*f - 73920 = -1651*f - 1633*f - 1614*f. What is the greatest common divisor of f and j?
42
Suppose 69552 = 75*l + 17*l. What is the greatest common divisor of 7 and l?
7
Let i be -12*(-135)/36 - (2 + 1). Let g be (i/56)/(3/16). What is the greatest common divisor of 136 and g?
4
Let t be 19/(-3 + (-4 - -8)). Let p = -46 - t. Let m be (p/15 + 4)/(1/(-12)). Calculate the greatest common divisor of m and 8.
4
Let b be -3 - (2 + 0 + -41). Let y be (1/(-3) + (-1415)/(-15))*4. Suppose 3*w - 1203 = 2*x + x, -w = 4*x - y. Calculate the highest common divisor of b and w.
36
Let k = -432 + 388. Let y = -25 - k. Calculate the greatest common divisor of y and 2.
1
Let w be (-3)/(6/(-4))*592/148. Suppose 6*s = w*s + 2*d - 216, -540 = -5*s - 3*d. What is the greatest common divisor of s and 12?
12
Suppose 4497 = 334*v - 1454 - 2065. Let k be (-4)/(-2) - (-12 - 2). What is the highest common divisor of v and k?
8
Suppose -2595 = -21*h + 5849 + 3820. What is the highest common factor of h and 24?
8
Suppose 607 + 77 = -6*z. Let g = z - -144. What is the greatest common factor of 555 and g?
15
Let o = -84 - -174. Suppose c - 193 = -p + 2*p, -4*c = -3*p - 777. Calculate the highest common factor of c and o.
18
Suppose 69*p - 113 = 163. What is the greatest common factor of 1504 and p?
4
Suppose 4*f = 586 + 334. Suppose -5*n + 3*k = -f, k - 92 = -0*n - 2*n. Suppose 98 = x + n. What is the greatest common divisor of 4 and x?
4
Suppose -84*x + 2760 = -38*x. What is the highest common divisor of x and 2304?
12
Suppose -3*m - 3*l = -1011, 352 = m - 8*l + 4*l. Let c = m + -290. Calculate the highest common divisor of 110 and c.
10
Let w(y) be the first derivative of 35*y**2/2 + 7*y + 36. Let f be w(1). Suppose 0 = -3*o - 4*o + f. What is the greatest common factor of o and 54?
6
Suppose 0 = f - 2*h - 6, 5*f - 39 = 3*h - 9. Let y be (f/(-4))/((-9)/60). Let g = 30062 + -30032. What is the greatest common factor of g and y?
10
Suppose -54 = -4*q - 3*m + 10, 5*m = 2*q - 58. Let h be (13/(104/(-108)))/(2/(-4)). Suppose 0 = -3*w + h + 30. What is the greatest common divisor of w and q?
19
Let y = 6985 + -4369. Calculate the highest common factor of y and 72.
24
Let v = 1540 + -914. Calculate the highest common divisor of v and 2.
2
Suppose -p + 20640 = -4*x, 2715*p = 2712*p + 3*x + 61848. Calculate the highest common divisor of 276 and p.
92
Let s be (1 - 77)/(217 + -219). Calculate the high